emainder when (-9)/(-198)*22*1*599 is divided by 8.
7
Suppose 0 = -25*z + 33*z - 2752. Suppose -62 = 342*v - z*v. Calculate the remainder when 64 is divided by v.
2
Suppose 38 = -76*h + 342. Let t = -84 + 125. What is the remainder when t is divided by h?
1
Let k(r) = -7*r + 37. Let x be k(5). Suppose -4*m = x*m - 30. What is the remainder when m is divided by 4 + 0 + 0 + -1?
2
Let i = 42016 - 41891. Suppose -4*s + 242 = -2*s. Suppose 4*z - s = z - t, 4*z - t = 173. What is the remainder when i is divided by z?
41
Let b(m) = 7*m + 4*m**2 - 2*m - 12*m + 0*m**2. What is the remainder when 42 is divided by b(3)?
12
Let q(u) = 35*u - 242. Calculate the remainder when 1090 is divided by q(9).
68
Suppose -62 = -6*c - 38. Let i be 741/76 + 1/c. Calculate the remainder when (0 + 11)*2/(4/i) is divided by 16.
7
Suppose -5*z - 2 = -7, 5*n = 2*z - 27. Calculate the remainder when 107 is divided by (84/10)/(-15*n/250).
23
Let u be (-3)/(-4)*(-1 + (-45 - -6)). Let p = -27 - u. Suppose 0 = p*z + z - 276. What is the remainder when z is divided by 14?
13
Let q = 274 - 269. Suppose q*l - 3*b = -280 + 1767, -l = b - 299. Calculate the remainder when l is divided by 30.
28
Suppose -32 = 6*f - 50. Let k be (-118)/f - 2/(-6). Let c = 62 + k. Calculate the remainder when 43 is divided by c.
20
What is the remainder when 8576 is divided by (-70)/15*5220/(-406)?
56
Let f = -105 - -105. Suppose 10*o - 36 - 214 = f. Calculate the remainder when o is divided by 10.
5
Suppose 0 = 324*z - 323*z - 5. Suppose -z*x - o + 299 = 0, -3*o + 7*o + 161 = 3*x. What is the remainder when x is divided by 41?
18
Suppose 19*s + 2*s - 126 = 0. Let d(t) = 9*t - 42. Let o(k) = -3*k**3 + k**2 + 2*k - 1. Calculate the remainder when o(-2) is divided by d(s).
11
Calculate the remainder when (776/582)/((-8)/(-6018)) is divided by 180.
103
Let l(h) = -4*h - 14. Let z be l(-2). What is the remainder when z/(-33) + (-35445)/(-165) is divided by 27?
26
Let b(z) = z**3 + 71*z**2 - 10*z - 20. Suppose 73 + 92 = 5*h + 3*o, o + 99 = 3*h. What is the remainder when b(-71) is divided by h?
30
Suppose -l = -4, 5*r - 187 = -6*l + 282. What is the remainder when r is divided by 23?
20
Let q(p) = 2*p - 6*p + 1 + p + 129*p**2. Let k be q(1). Suppose 3*c - k = 32. What is the remainder when c is divided by 28?
25
Suppose -7*d + 56 = -28. Let b(h) = h**2 + 51 - 2*h + 51 + h - 2*h**3 + 17. Calculate the remainder when b(0) is divided by d.
11
What is the remainder when (-522)/(-145)*129/(-18)*-20 is divided by 48?
36
Let o(v) = -45 - 4*v - 8*v + 4*v - 15. Let g be (-3)/2 + (-180)/8. What is the remainder when o(g) is divided by 45?
42
Let z(j) = j**3 + 17*j**2 - 2*j - 37. Let p be z(-17). Let q be (-22)/4 + (-6)/(-4). What is the remainder when 11 is divided by (q/(-16)*-1)/(p/60)?
1
Let z = 69630 + -69501. Let k(i) = 2*i - 5. What is the remainder when z is divided by k(10)?
9
Let k(v) = 31*v**2 - 113*v - 3. Let q = -8 - -32. Calculate the remainder when k(4) is divided by q.
17
Suppose 6*s = 6 + 12. Let a(h) = 2*h**2 + 3*h - 3. What is the remainder when 69 is divided by a(s)?
21
Suppose -1740*x + 2790 = -1710*x. What is the remainder when 1411 is divided by x?
16
Let x(o) be the third derivative of -11*o**4/24 - 8*o**3/3 - 2*o**2 - 5. What is the remainder when x(-3) is divided by 10?
7
Let o = -4270 + 5406. What is the remainder when o is divided by 17?
14
Suppose 4*i + 17 = -3*v - 88, -3*v = 2*i + 45. Let n = i - -35. What is the remainder when n is divided by 2?
1
Suppose -3*c = 0, 2*c - 8 = 2*k - 20. Suppose 76 = -4*y - 5*p, y - 5*p + 11 + 8 = 0. What is the remainder when (y/(-19))/((-2)/(-56)) is divided by k?
4
Suppose -6*l - 8*l = -6*l - 120. Calculate the remainder when 1737 is divided by l.
12
Suppose 16*a = -50*a - 76*a + 48990. What is the remainder when a is divided by 337?
8
Let j = -10335 + 10766. Calculate the remainder when j is divided by 195.
41
Let r be (-1)/2 - (-3)/2. What is the remainder when (-2509)/(-13) + (r - 5) is divided by 16?
13
Let j(l) = l**2 + 4*l + 6. Let h be j(-4). Suppose 0 = 30*v + 37*v - 6901. What is the remainder when v is divided by 10 + (-5)/(10/h)?
5
Let y be (-26)/(-6) - (-2)/3. Let r = y - 0. Let c(o) = -16*o**2 - 92*o - 50. What is the remainder when c(-5) is divided by r?
0
Calculate the remainder when -3*(19 + (-339488)/24) is divided by 326.
325
Suppose -1548 = -4*w + 5280. Suppose -4*f + 0*a + 76 = -5*a, 4*a + 72 = 4*f. What is the remainder when 2 + w/27 - (-6)/(-27) is divided by f?
9
Suppose 16*i + 64 + 16 = 0. What is the remainder when 78 is divided by (-5 - -8)/(i/(-45))?
24
Suppose -2*w + 694 = 5*j - 2309, -3*j + 5*w = -1808. Suppose -j = -7*t - 286. What is the remainder when 169 is divided by t?
34
Let y = -810 - -1933. What is the remainder when y is divided by 15?
13
Let r(t) = 151*t - 1446. Calculate the remainder when 1742 is divided by r(10).
14
Let p(y) = 26*y - 2144. What is the remainder when p(134) is divided by 33?
20
Suppose 5*y - 192 = 153. Suppose y*s + 8 = 71*s. Suppose 5*u = s*u + 3, -4*i - 2*u + 62 = 0. Calculate the remainder when i is divided by 5.
4
What is the remainder when 134 is divided by ((-4355)/(-268))/((-5)/(-4))?
4
Let v = -12 + 11. What is the remainder when -1 + 102 + (-2 - v) is divided by ((-391)/69)/((-2)/6)?
15
Suppose -15*h = m - 18*h - 37, 0 = 3*m + 4*h - 163. Suppose -44*p + m*p - 175 = 0. Calculate the remainder when 48 is divided by p.
13
Suppose 16*d - 4*d = 216. What is the remainder when 59 is divided by d/(-2)*52/(-78)?
5
What is the remainder when 527 is divided by (-5 + 3 + -86)*-1?
87
Suppose -78*t = -3013 + 274 - 3969. What is the remainder when 533 is divided by t?
17
Suppose 9759 = -55*c + 1179. Let o = c + 239. What is the remainder when o is divided by 40?
3
Let m = -529 - -393. Let g = m - -158. What is the remainder when 61 is divided by g?
17
Let n(o) = 116*o - 2923. Suppose -103 = -4*s + 121. What is the remainder when n(30) is divided by s?
53
Let v(r) be the first derivative of -r**2/2 + 2*r - 3. Calculate the remainder when -4 + 2 - (-9 + -10 - -2) is divided by v(-2).
3
Let b be (7 + (-1032)/18)/(1/24). Calculate the remainder when (b/(-12))/((-20)/(-90)) is divided by 57.
54
Suppose -10 = -2*b + h - 2, 3*b - h = 10. Suppose -5*g - 26 = -b*u - 3*g, 4*g + 4 = 0. Calculate the remainder when 392 is divided by u.
8
Suppose -5*h = s - 113, 0 = -4*h - h - 3*s + 109. Suppose 0 = 45*v - 350 - 10. Calculate the remainder when h is divided by v.
7
Calculate the remainder when 72 is divided by 1/2*-18 + 11 + 29.
10
Let b be (-38)/(-4)*20/10. Let y = 140 + b. Calculate the remainder when y is divided by 32.
31
Suppose -t + 4*t - 4708 = u, 0 = 5*t + 3*u - 7856. Calculate the remainder when t is divided by 15.
10
Suppose -2*n + 6*n = 8*n - 3264. What is the remainder when n is divided by 34?
0
Suppose -9*i + 80 = -14*i. Let d(r) = r + 13. Let s be d(-17). Calculate the remainder when ((-204)/i)/(s/(-16)) is divided by 18.
15
Let p = 20461 - 11744. What is the remainder when p is divided by 40?
37
Let h(l) = -l**2 - 19 + 134 + 95. Suppose 4*x - 16 = 0, u + 0*x - x = 62. Calculate the remainder when u is divided by h(-14).
10
Suppose 6*j + 4448 = -10*j. Let x = j - -318. Calculate the remainder when x is divided by 6 - 8 - (3 + -14).
4
Let t(w) = -w**3 - 14*w**2 + 21. What is the remainder when 2077 is divided by t(-14)?
19
Suppose -4*f = 4*f + 92*f - 15000. Calculate the remainder when 1522 is divided by f.
22
What is the remainder when 579 is divided by (-30904)/224*-4 + 7 + (-2)/(-14)?
20
Let u = -226 - -271. Suppose -4*m - 2*j + 130 = 0, m + 2*j = -j + u. Calculate the remainder when 148 is divided by m.
28
Let g(i) = -35*i + 156. Let q = -423 - -427. Calculate the remainder when 39 is divided by g(q).
7
What is the remainder when 1238 is divided by (-1)/(-3)*(245 + (-15 - -19))?
76
Suppose -9*x + 368 - 269 = 0. What is the remainder when 36/6*17/2 is divided by x?
7
Let g = -272 + 286. Suppose -6*r - 318 = -12*r. Calculate the remainder when r is divided by g.
11
Suppose -l + 0*l - 46 = -3*a, -3*l = 2*a - 27. Let o(b) = b**2 + 5. What is the remainder when 50/a*156/10 is divided by o(2)?
7
Suppose j - 56 = -3*j. Suppose 49*i = 30*i - 34*i + 265. Calculate the remainder when i is divided by 2/